 = 2*d - 29. Suppose 39 - 4 = d*i. Let l(t) = t**3 - 4*t**2 - 2*t - 2. Calculate l(i).
13
Let m(a) = 3656 - 3*a + 2*a**2 + 3697 - 7344 - a**3. Give m(3).
-9
Let i = 8407 + -8410. Let c(s) = 30*s + 14. What is c(i)?
-76
Let k be 10/2 - (3 + -2). Let r = 566 - 521. Let l(y) = r*y**2 - 49*y**2 + 2*y - 3*y + k*y. What is l(2)?
-10
Let p(l) = -l**2 + 5*l - 3. Let m be p(3). Let q = m - 3. Let g(b) = -2701*b - 4 - 2700*b + 5400*b. Determine g(q).
-4
Suppose -126 = -u - 120. Suppose -3*a = o + 15, -5*o + u*a = a - 25. Let g(y) = -y**3 + y**2 + y - 10. Give g(o).
-10
Suppose -o = 4*t + 14, -o + 5*o + 2*t = 0. Let i(a) = 2*a + 2*a**2 - 12*a**2 + o + a**3 + 6*a**2. Let d be 120/(-45)*((-19)/4 - -4). Calculate i(d).
-2
Let n be 3/(-1) + 34 - 2 - 3. Let v(q) = n*q - 50*q + 25*q. Let d be v(-7). Let j(y) = -y**3 - 7*y**2 - 4. Give j(d).
-4
Let b(a) = 16*a + 18*a + 27 - 60*a + 12*a + 12*a. Give b(2).
23
Let i(v) = 22*v + 72*v - 3 + 2 + 4*v**2 - v**3 - 95*v. Let l be 6/15 - (-34)/(-10). Let m be l/(-6) + (-10)/(-4). Determine i(m).
5
Let c = 731 + -738. Let w(i) = i**3 + 6*i**2 + 2*i + 2. Calculate w(c).
-61
Let d(v) be the first derivative of 124 + 1/3*v**3 + 25*v - 1/2*v**2. Determine d(0).
25
Let r(z) be the first derivative of -5*z**3/3 + 5*z**2/2 - 3*z + 2455. Determine r(5).
-103
Let b(d) = -d**2 + 12*d + 9. Let n be -2 + 48/(-9)*-6. Suppose -2*j + v = -n, -13*j + 8*j - 5*v = -45. What is b(j)?
-4
Let g = 228 + -226. Suppose g*t + 241 = 233. Let h(z) = -z**2 - 5*z. Calculate h(t).
4
Let v(x) = x - 4. Suppose 11*d - 48 = 7*d. Let n = -15 + d. Determine v(n).
-7
Let y(h) = 3*h**2 - 22. Let x be (-34)/663 + (-4)/(-78). Calculate y(x).
-22
Let p(t) = -t**3 - 7*t**2 - 24*t - 52. Let g be p(-4). Let q(x) = -46*x - 179. Determine q(g).
5
Let w(k) = -42*k - 184 + 8*k + 11*k + 16*k. Determine w(-26).
-2
Let q(d) = -16*d + 1. Suppose -116 = -12*y - 17*y. Suppose -y*n + 10 - 6 = 0. Determine q(n).
-15
Let q(r) be the third derivative of r**7/2520 - r**6/180 + r**5/20 - 143*r**4/24 - r**2 - 8. Let o(n) be the second derivative of q(n). Give o(3).
3
Suppose -8 = -3*r - 5. Let q(v) be the second derivative of 1/2*v**2 + 0 - 5/6*v**3 + 144*v. Determine q(r).
-4
Let t(w) = w**3 - 13*w**2 + 10*w + 51. Let p = -32940 - -32952. Give t(p).
27
Let q be (-442 + 442)*2/4. Let d(l) = -l**3 - 2*l**2 - l + 31. Determine d(q).
31
Suppose 2*n = -2*o - 7 - 3, -o = 2*n + 9. Let p = -4 - n. Let a(t) = -t + 1358 - 2715 + 1335. Give a(p).
-22
Let m be (-72)/112 - 40/(-35). Let l(y) be the second derivative of 0 - m*y**2 + y - 1/6*y**3. What is l(-4)?
3
Let h(i) = 37 + 5*i + 61 + 3*i - 77 - 7*i. Calculate h(-8).
13
Let r(l) be the second derivative of -l**3 - 48*l**2 + 549*l - 2. What is r(-16)?
0
Let h be 455/(-140) - (-151)/(-4). Let w(q) = q**2 + 41*q - 21. What is w(h)?
-21
Let o(n) be the third derivative of -n**5/60 - 13*n**4/24 - 17*n**3/3 + n**2. Let l be ((-735)/(-196))/((30/(-70))/((-8)/(-7))). Give o(l).
-4
Let p(o) = -2*o**2 + 16*o + 37. Let j be 102/10 + -4 + 19/5. Let k be p(j). Let f(s) = -3*s**2 - s + 2. Determine f(k).
-22
Suppose 11*c - 12330 = -12517. Let h(b) = b**3 + 15*b**2 - 32*b + 31. Calculate h(c).
-3
Suppose 0 = -3*w - 2*d - 3, 0 = 2*w - d + 331 - 343. Let a(n) = 2*n**2 + 17*n - 55. Calculate a(w).
14
Let x(i) be the third derivative of i**4/3 + 2*i**3 - 2*i**2 + 20. Determine x(-2).
-4
Let o(i) be the third derivative of i**5/60 - i**4/4 + i**3/3 + 3*i**2 + 3. Let h = -10 + 15. Suppose -h*f + 4 + 16 = 0. Calculate o(f).
-6
Let j(y) be the second derivative of -y**5/10 - 5*y**4/6 - y**3/3 - y**2/2 - y + 117. Give j(-5).
9
Let l(j) = -34*j**3 + 2*j**2 - 4*j - 5. Suppose 316*t - 191*t = 180*t + 55. Give l(t).
35
Let o(w) = 3*w + w**2 + 0*w + 3*w - 7*w. Let z be o(2). Let j(u) = 1 - 14*u**2 + 12*u**z - u - 4*u**2 + 3*u. Calculate j(-1).
-7
Let r(p) = 7*p - 40. Let z(g) = 17*g + 8. Let w be z(0). Give r(w).
16
Let z(b) = -b**2 + 28*b + 209. Let p(f) = -2*f**2 - 31*f + 167. Let a be p(-19). Give z(a).
5
Let d(x) = 6*x**3 - 4*x**2 - 5*x - 5. Let i(a) = 11*a**3 - 9*a**2 - 11*a - 11. Let n(s) = -9*d(s) + 4*i(s). Let w = 76 - 143. Let r = 66 + w. Give n(r).
10
Suppose -2*d - 4*k = 12, 0 = -3*d - k - 0*k - 3. Let n(u) = -3*u**3 - u**2 + u - 3. Let m be n(d). Let j(t) = -3*t - 1. Calculate j(m).
8
Let d(x) = 18*x**2 + 557*x - 39. Let y be d(-31). Let z(c) = -2*c**2 - 14*c + 6. Give z(y).
-10
Let j(d) be the second derivative of -d**4/12 - d**3/6 + d**2/2 + 31*d + 35. Suppose 0 = 2*a + 4*r - 18, 5 + 4 = -a + 4*r. Calculate j(a).
-11
Let k(o) = o**3 + 5*o**2 - 2*o - 2. Suppose 4*c - 49 = q, 3*q = -1 - 2. Let n(y) = y**3 - 12*y**2 - 5. Let v be n(c). Calculate k(v).
8
Let b(f) be the third derivative of -7/60*f**5 - 5/6*f**3 - 11 + 5/24*f**4 + 0*f + 3*f**2 + 1/120*f**6. Give b(5).
-30
Let d(t) = 2*t**2 - 8*t - 4. Suppose 18*q - 25 - 40 - 43 = 0. What is d(q)?
20
Let y(h) be the first derivative of h**4/4 + 22*h**3/3 + 39*h**2/2 - 23*h + 2200. Determine y(-20).
-3
Let t(o) = -2032*o - 4058. Let v be t(-2). Let s(d) = d**2 - 20*d - 6. Calculate s(v).
-90
Suppose 0 = -2*n + 5*n - 6, 0 = -2*z + 2*n - 18. Let w be (4 - 0) + (-4 - (5 + z)). Let o(s) = -2*s + w*s**3 + 0*s**3 - s**3 + 3*s**2 - 1. What is o(-2)?
7
Let c(i) = 23*i - 24. Let h(j) = 40*j - 44. Let z(p) = -5*c(p) + 3*h(p). Give z(3).
3
Let d(j) = -13*j**2 + 22*j + 22. Let s(y) = 4*y**2 - 7*y - 6. Let r(t) = -2*d(t) - 7*s(t). What is r(3)?
-5
Let m(w) be the first derivative of -w**4/4 - 5*w**3/3 + 7*w**2/2 + 14*w + 3221. Calculate m(-6).
8
Let t(w) = -w**3 + 4*w**2 + 14*w - 4. Let k(r) = 108*r + 330. Let i be k(-3). Calculate t(i).
8
Let u(k) be the third derivative of -1/120*k**6 + 0*k**5 + 0 + 0*k - 1/24*k**4 + 2*k**3 - 54*k**2. Determine u(0).
12
Let h be (-11 - -10) + (43 - 0 - 0). Let c be 1/(4/146) + h/(-28). Let g(o) = 0 + 64*o**2 - c*o**2 + o - 32*o**2 - 1. What is g(1)?
-3
Let f(i) = 11*i**2 - 24*i**3 + 2*i + 9*i + 6 - 26*i**3 + 51*i**3 - 2*i**2. Give f(-7).
27
Let q(v) = 2*v**2 - 9*v - 120. Let b(g) = -g**2 + 5*g + 48. Let l(f) = 5*b(f) + 2*q(f). Give l(8).
-8
Let g(z) be the first derivative of -8*z - 3*z**2 - 1/4*z**4 + 2*z**3 + 2. Let h be g(4). Let t(o) = -o**3 + o**2 + o + 7. Calculate t(h).
7
Let t = 130 - 126. Let o be 2/t*(-9)/((-81)/72). Let v(w) be the third derivative of -w**4/8 + 5*w**3/6 + 5*w**2. Calculate v(o).
-7
Let a be (-4 - (-21)/6)/((-2)/(-36)). Let g(v) be the second derivative of -v**3/6 - 3*v**2/2 + v - 2. Determine g(a).
6
Let x(m) = -80*m**2 - 27*m + 21. Let l(j) = 53*j**2 + 21*j - 20. Let k(v) = 3*l(v) + 2*x(v). Calculate k(6).
0
Let c(t) be the third derivative of t**4/3 + 52*t**3/3 + t**2 + 28*t. What is c(-13)?
0
Let a = -279 - -279. Suppose -34*n + 54*n - 200 = a. Let q(y) = y**2 - 11*y + 5. Calculate q(n).
-5
Let k(l) = -4*l**3 + 13*l**2 + 13*l + 13. Let v(m) = -5*m**3 + 18*m**2 + 15*m + 12. Let w(a) = 4*k(a) - 3*v(a). What is w(-2)?
2
Suppose 6*j - 5*u + 29 + 11 = 0, j = 2*u - 9. Let t(v) = v**3 + 3*v**2 + 24. Give t(j).
-26
Let m = 166 + -170. Let u(k) = 48*k - 24. Let a(q) = -6*q + 3. Let v(h) = m*u(h) - 33*a(h). Determine v(3).
15
Let x(h) = -15 - 38*h + 3*h + 45*h. Let k(l) = 4*l + 1. Let y(f) = -2*k(f) + x(f). What is y(12)?
7
Let o = 65 - 63. Let l(v) = -485 - v**3 - 7*v**2 + 489 + o*v**2 + v. Suppose 9*x = -x - 50. What is l(x)?
-1
Let l(f) = -f**2 - 22*f - 26. Let m = -4299 + 4279. What is l(m)?
14
Suppose 1 = 4*t - v + 8, v - 2 = -t. Let x(y) be the third derivative of -1/24*y**4 - 1/60*y**5 + 0 - 7/120*y**6 - 21*y**2 - 1/6*y**3 + 0*y. Determine x(t).
6
Let y(c) be the first derivative of -c**4/4 - 7*c**3/3 + 11*c**2/2 + 23*c - 44. Let p be y(-8). Let q(h) = -11*h**3 - h**2 + 1. Calculate q(p).
11
Let w(b) = b**3 + 4*b**2 - 12*b - 16. Let j(x) = 2*x**3 + 9*x**2 - 23*x - 32. Let d(a) = -3*j(a) + 5*w(a). Let m = -996 + 988. Determine d(m).
8
Let w(i) = 2*i**3 - 15*i**2 - 8*i - 1. Let n be w(8). Let l(s) = -10*s**2 + 5*s + 6. Let f be l(n). Let k(m) = -m**2 - 13*m + 2. Give k(f).
38
Let c(s) = -s + 44. Let y(f) = 43. Let x(z) = 2*c(z) - 3*y(z). Let j be x(-22). Let k(i) = 2 + 2*i - j*i - 5*i + 4*i. Give k(7).
-12
Suppose -3*m + 9 = 2*z - 7*z, -z + 5 = -4*m. Let w(g) be the second derivative of -2/3*g**3 - g - 1/2*g**4 - g**2 + 17. Give w(m).
-18
Let z(u) = 19*u**3 -